he hundred thousands digit of 101627924?
6
What is the units digit of 12162937?
7
What is the hundred millions digit of 227177457?
2
What is the hundreds digit of 30063981?
9
What is the ten millions digit of 225553411?
2
What is the thousands digit of 44451071?
1
What is the thousands digit of 143662916?
2
What is the millions digit of 47202357?
7
What is the ten millions digit of 2281678535?
8
What is the hundred thousands digit of 163769048?
7
What is the ten thousands digit of 849533798?
3
What is the millions digit of 51140178?
1
What is the tens digit of 830750535?
3
What is the ten thousands digit of 349438095?
3
What is the hundreds digit of 151264098?
0
What is the units digit of 32193707?
7
What is the hundreds digit of 2879184187?
1
What is the ten millions digit of 91575596?
9
What is the billions digit of 5231280985?
5
What is the hundreds digit of 63291010?
0
What is the hundred thousands digit of 296203046?
2
What is the millions digit of 548538700?
8
What is the hundred thousands digit of 123334392?
3
What is the ten millions digit of 31031139?
3
What is the hundreds digit of 75479460?
4
What is the hundred thousands digit of 53223845?
2
What is the hundred millions digit of 162730576?
1
What is the hundreds digit of 530632911?
9
What is the thousands digit of 274859?
4
What is the ten millions digit of 114963857?
1
What is the hundreds digit of 14134951?
9
What is the units digit of 2217124209?
9
What is the millions digit of 9370490?
9
What is the billions digit of 1946344530?
1
What is the tens digit of 3650369286?
8
What is the ten thousands digit of 851285164?
8
What is the ten thousands digit of 5319062150?
6
What is the units digit of 7748714251?
1
What is the hundred thousands digit of 147868826?
8
What is the millions digit of 58695330?
8
What is the ten millions digit of 109847082?
0
What is the units digit of 1956005?
5
What is the ten thousands digit of 6115450?
1
What is the units digit of 2249809505?
5
What is the hundreds digit of 16998119?
1
What is the tens digit of 30501008?
0
What is the millions digit of 85288977?
5
What is the tens digit of 295558614?
1
What is the units digit of 1667222828?
8
What is the ten millions digit of 194275464?
9
What is the hundred millions digit of 419172104?
4
What is the hundred millions digit of 6571596351?
5
What is the thousands digit of 15623698?
3
What is the tens digit of 72957375?
7
What is the hundreds digit of 320552327?
3
What is the units digit of 1350166367?
7
What is the ten millions digit of 210098109?
1
What is the millions digit of 15194293?
5
What is the tens digit of 46029377?
7
What is the hundred thousands digit of 737749693?
7
What is the millions digit of 92533845?
2
What is the tens digit of 360974475?
7
What is the ten thousands digit of 698239422?
3
What is the tens digit of 476160559?
5
What is the tens digit of 126623486?
8
What is the units digit of 630017912?
2
What is the hundred millions digit of 5641494255?
6
What is the hundreds digit of 403809501?
5
What is the ten thousands digit of 374985245?
8
What is the hundred millions digit of 876403433?
8
What is the ten millions digit of 381933563?
8
What is the units digit of 178215119?
9
What is the thousands digit of 1087171559?
1
What is the hundred millions digit of 725289488?
7
What is the millions digit of 2473143422?
3
What is the hundred thousands digit of 9269068?
2
What is the millions digit of 1623093871?
3
What is the thousands digit of 42549023?
9
What is the millions digit of 90022787?
0
What is the hundreds digit of 671531679?
6
What is the hundred thousands digit of 198045085?
0
What is the hundred thousands digit of 43949655?
9
What is the ten thousands digit of 59325659?
2
What is the tens digit of 122989555?
5
What is the hundred millions digit of 4325275950?
3
What is the ten thousands digit of 83841701?
4
What is the ten millions digit of 411626785?
1
What is the hundreds digit of 238239577?
5
What is the tens digit of 115828992?
9
What is the ten millions digit of 65248668?
6
What is the hundreds digit of 29287680?
6
What is the units digit of 35139123?
3
What is the millions digit of 92754121?
2
What is the tens digit of 284456798?
9
What is the units digit of 84086297?
7
What is the ten millions digit of 1618167604?
1
What is the thousands digit of 254848100?
8
What is the units digit of 98523476?
6
What is the ten thousands digit of 587982000?
8
What is the millions digit of 127777743?
7
What is the thousands digit of 40816742?
6
What is the ten millions digit of 17410252?
1
What is the hundred thousands digit of 7828671254?
6
What is the ten millions digit of 657927919?
5
What is the hundred thousands digit of 588606535?
6
What is the units digit of 744970075?
5
What is the millions digit of 123123376?
3
What is the hundreds digit of 3438057444?
4
What is the millions digit of 2213619782?
3
What is the thousands digit of 179035184?
5
What is the units digit of 7662064369?
9
What is the thousands digit of 41257589?
7
What is the billions digit of 2485528747?
2
What is the millions digit of 897172709?
7
What is the ten thousands digit of 2414996051?
9
What is the ten thousands digit of 1995753424?
5
What is the hundred thousands digit of 47739526?
7
What is the thousands digit of 32727610?
7
What is the tens digit of 3069862747?
4
What is the units digit of 591984382?
2
What is the units digit of 116818231?
1
What is the thousands digit of 20891235?
1
What is the tens digit of 3771182620?
2
What is the units digit of 19027677?
7
What is the tens digit of 26965960?
6
What is the ten thousands digit of 15544065?
4
What is the thousands digit of 112984429?
4
What is the units digit of 113085532?
2
What is the ten thousands digit of 4116192706?
9
What is the billions digit of 2882198945?
2
What is the ten millions digit of 831244032?
3
What is the thousands digit of 71361288?
1
What is the tens digit of 59803510?
1
What is the tens digit of 54545907?
0
What is the ten millions digit of 119705192?
1
What is the billions digit of 1466871819?
1
What is the units digit of 4058001800?
0
What is the hundred thousands digit of 928230964?
2
What is the hundred thousands digit of 80951457?
9
What is the hundred thousands digit of 176865919?
8
What is the thousands digit of 12782124?
2
What is the units digit of 352190863?
3
What is the hundreds digit of 66728603?
6
What is the hundred thousands digit of 557500732?
5
What is the hundreds digit of 111198656?
6
What is the ten thousands digit of 3257107494?
0
What is the ten thousands digit of 7336172?
3
What is the hundreds digit of 332666015?
0
What is the hundred thousands digit of 737759423?
7
What is the units digit of 67661576?
6
What is the billions digit of 6817812358?
6
What is the millions digit of 93468685?
3
What is the ten thousands digit of 65468464?
6
What is the ten millions digit of 90497624?
9
What is the thousands digit of 41799808?
9
What is the ten thousands digit of 4186338944?
3
What is the thousands digit of 1415197228?
7
What is the millions digit of 3322086526?
2
What is the billions digit of 2091278223?
2
What is the thousands digit of 5908919768?
9
What is the hundred thousands digit of 40349786?
3
What is the hundreds digit of 59081099?
0
What is the hundred thousands digit of 56919860?
9
What is the hundred thousands digit of 43689054?
6
What is the ten thousands digit of 75137670?
3
What is the hundreds digit of 15042331?
3
What is the hundreds digit of 92852021?
0
What is the hundreds digit of 192754536?
5
What is the hundred millions digit of 1077211626?
0
What is the ten millions digit of 68241804?
6
What is the hundred millions digit of 1114364180?
1
What is the thousands digit of 1784372004?
2
What is the hundred thousands digit of 437397366?
3
What is the millions digit of 108184203?
8
What is the units digit of 7286411714?
4
What is the hundreds digit of 56671070?
0
What is the hundreds digit of 114532451?
4
What is the hundreds digit of 31474815?
8
What is the hundred millions digit of 942946831?
9
What is the hundred millions digit of 228957797?
2
What is the tens digit of 553027894?
9
What is the tens digit of 431190452?
5
What is the ten millions digit of 270798732?
7
What is the tens digit of 63